he hundred thousands digit of 4323817?
3
What is the hundreds digit of 491469?
4
What is the thousands digit of 1039897?
9
What is the tens digit of 198546?
4
What is the thousands digit of 321955?
1
What is the ten millions digit of 14833537?
1
What is the thousands digit of 1789872?
9
What is the thousands digit of 67218?
7
What is the tens digit of 835257?
5
What is the tens digit of 29524?
2
What is the tens digit of 126303?
0
What is the ten thousands digit of 7218623?
1
What is the millions digit of 36042329?
6
What is the thousands digit of 13492263?
2
What is the hundred thousands digit of 125223?
1
What is the hundred thousands digit of 3240262?
2
What is the tens digit of 221401?
0
What is the units digit of 11588335?
5
What is the hundreds digit of 687572?
5
What is the ten millions digit of 19464878?
1
What is the hundred thousands digit of 1076020?
0
What is the hundred thousands digit of 245264?
2
What is the hundreds digit of 111234?
2
What is the hundred thousands digit of 485051?
4
What is the thousands digit of 8864?
8
What is the hundred thousands digit of 1890915?
8
What is the millions digit of 7768945?
7
What is the units digit of 133344?
4
What is the tens digit of 2713415?
1
What is the thousands digit of 460150?
0
What is the tens digit of 1746411?
1
What is the ten thousands digit of 336133?
3
What is the units digit of 706361?
1
What is the ten millions digit of 25355363?
2
What is the hundred thousands digit of 1269712?
2
What is the hundred thousands digit of 1362081?
3
What is the ten millions digit of 17122426?
1
What is the hundred thousands digit of 1885469?
8
What is the tens digit of 388182?
8
What is the hundreds digit of 315611?
6
What is the ten thousands digit of 1137663?
3
What is the tens digit of 2071885?
8
What is the ten thousands digit of 15456?
1
What is the hundred thousands digit of 1011709?
0
What is the units digit of 111471?
1
What is the tens digit of 1429082?
8
What is the units digit of 2952947?
7
What is the tens digit of 12517854?
5
What is the units digit of 754491?
1
What is the millions digit of 22820193?
2
What is the hundreds digit of 4876813?
8
What is the millions digit of 1294193?
1
What is the hundred thousands digit of 15009548?
0
What is the hundred thousands digit of 1181525?
1
What is the thousands digit of 5550000?
0
What is the millions digit of 14257282?
4
What is the units digit of 410752?
2
What is the ten thousands digit of 363276?
6
What is the hundred thousands digit of 2111335?
1
What is the units digit of 463147?
7
What is the ten thousands digit of 728074?
2
What is the ten thousands digit of 530627?
3
What is the thousands digit of 6715628?
5
What is the thousands digit of 393568?
3
What is the ten millions digit of 32851762?
3
What is the ten thousands digit of 279398?
7
What is the hundreds digit of 39884?
8
What is the thousands digit of 135931?
5
What is the units digit of 448471?
1
What is the units digit of 570291?
1
What is the ten thousands digit of 398307?
9
What is the units digit of 16979265?
5
What is the units digit of 632784?
4
What is the units digit of 300184?
4
What is the tens digit of 4578267?
6
What is the units digit of 420922?
2
What is the units digit of 24425?
5
What is the hundred thousands digit of 17223165?
2
What is the tens digit of 3746889?
8
What is the hundred thousands digit of 207940?
2
What is the hundreds digit of 3541424?
4
What is the hundreds digit of 764248?
2
What is the tens digit of 241415?
1
What is the thousands digit of 23283648?
3
What is the thousands digit of 14014469?
4
What is the hundred thousands digit of 2929940?
9
What is the hundred thousands digit of 2241123?
2
What is the units digit of 3315885?
5
What is the units digit of 129974?
4
What is the units digit of 15948146?
6
What is the hundred thousands digit of 368946?
3
What is the units digit of 20577431?
1
What is the units digit of 768147?
7
What is the thousands digit of 6870697?
0
What is the units digit of 29693164?
4
What is the hundred thousands digit of 627752?
6
What is the thousands digit of 1207946?
7
What is the thousands digit of 4407614?
7
What is the millions digit of 2711025?
2
What is the millions digit of 1671534?
1
What is the ten thousands digit of 1339243?
3
What is the hundred thousands digit of 1181056?
1
What is the units digit of 409488?
8
What is the thousands digit of 3441706?
1
What is the ten thousands digit of 9597416?
9
What is the ten millions digit of 10228784?
1
What is the millions digit of 9621474?
9
What is the hundreds digit of 2670555?
5
What is the thousands digit of 172705?
2
What is the tens digit of 2368266?
6
What is the tens digit of 17379439?
3
What is the hundreds digit of 407908?
9
What is the thousands digit of 343586?
3
What is the thousands digit of 159341?
9
What is the thousands digit of 1360301?
0
What is the units digit of 169033?
3
What is the hundred thousands digit of 342834?
3
What is the hundred thousands digit of 4924554?
9
What is the thousands digit of 226219?
6
What is the ten thousands digit of 8720540?
2
What is the thousands digit of 8180814?
0
What is the units digit of 1754598?
8
What is the thousands digit of 690724?
0
What is the hundred thousands digit of 7492809?
4
What is the hundred thousands digit of 1503602?
5
What is the thousands digit of 3414987?
4
What is the hundred thousands digit of 4173168?
1
What is the units digit of 105018?
8
What is the hundred thousands digit of 155493?
1
What is the millions digit of 20604421?
0
What is the thousands digit of 423408?
3
What is the units digit of 16211307?
7
What is the units digit of 538855?
5
What is the hundreds digit of 2314840?
8
What is the hundreds digit of 9317435?
4
What is the units digit of 2687635?
5
What is the units digit of 25382?
2
What is the ten thousands digit of 23324532?
2
What is the ten thousands digit of 381312?
8
What is the hundreds digit of 100315?
3
What is the hundred thousands digit of 415149?
4
What is the hundreds digit of 845274?
2
What is the millions digit of 2398288?
2
What is the hundred thousands digit of 304817?
3
What is the hundreds digit of 2586457?
4
What is the ten thousands digit of 29337?
2
What is the hundreds digit of 36756013?
0
What is the hundreds digit of 401972?
9
What is the hundreds digit of 2301533?
5
What is the hundred thousands digit of 3405199?
4
What is the tens digit of 1428384?
8
What is the hundreds digit of 1653046?
0
What is the hundred thousands digit of 2804417?
8
What is the units digit of 290399?
9
What is the hundreds digit of 243357?
3
What is the units digit of 3863058?
8
What is the ten thousands digit of 3196855?
9
What is the hundreds digit of 270732?
7
What is the tens digit of 2626220?
2
What is the millions digit of 4207478?
4
What is the thousands digit of 58132?
8
What is the millions digit of 8311928?
8
What is the hundreds digit of 292854?
8
What is the tens digit of 353918?
1
What is the units digit of 1197905?
5
What is the thousands digit of 1731423?
1
What is the hundred thousands digit of 8666656?
6
What is the tens digit of 133104?
0
What is the hundred thousands digit of 400821?
4
What is the hundreds digit of 4231377?
3
What is the units digit of 14293428?
8
What is the units digit of 1463220?
0
What is the thousands digit of 12537859?
7
What is the units digit of 181661?
1
What is the tens digit of 1868115?
1
What is the units digit of 5901865?
5
What is the thousands digit of 289502?
9
What is the ten thousands digit of 4240569?
4
What is the hundred thousands digit of 6560478?
5
What is the units digit of 263620?
0
What is the hundred thousands digit of 693468?
6
What is the thousands digit of 792693?
2
What is the hundreds digit of 121868?
8
What is the thousands digit of 3113044?
3
What is the thousands digit of 33395778?
5
What is the thousands digit of 2783328?
3
What is the millions digit of 2214772?
2
What is the ten thousands digit of 130516?
3
What is the tens digit of 4731102?
0
What is the hundred thousands digit of 643359?
6
What is the hundreds digit of 186767?
7
What is the thousands digit of 125974?
5
What is the thousands digit of 24172768?
2
What is the tens digit of 332104?
0
What is the thousands digit of 1358078?
8
Wha